64?
35001
In base 13, what is -646a991 + -1?
-646a992
In base 11, what is 4 + 11796396?
1179639a
In base 14, what is -1 - 3096718?
-3096719
In base 12, what is -50169084 + -2?
-50169086
In base 2, what is -1111100100100 - 11000001011110110?
-11010001000011010
In base 7, what is 41043 - -565031?
636104
In base 3, what is 10022102022 + 11211?
10022121010
In base 16, what is c25 - -25ba?
31df
In base 16, what is 96c74 + -11?
96c63
In base 16, what is 14dab8 + -2?
14dab6
In base 12, what is -66b3ab + -2?
-66b3b1
In base 13, what is 2059660 - -4?
2059664
In base 2, what is 100 + 11011111101010001101000110?
11011111101010001101001010
In base 13, what is -762480 + 12?
-76246b
In base 15, what is 15685 - -37e?
15a14
In base 12, what is 268 + -8840?
-8594
In base 5, what is 131403133 - -333?
131404021
In base 6, what is 134541 - -2353?
141334
In base 8, what is 5 + 211146170?
211146175
In base 11, what is 44a599 + -5?
44a594
In base 8, what is 427 + -55360?
-54731
In base 16, what is -2845c97 + 5?
-2845c92
In base 2, what is 11010111000 - 10000000111?
1010110001
In base 15, what is -24bb6ca - 4?
-24bb6ce
In base 13, what is -32800 - -1a?
-327b3
In base 10, what is -4 + 6147397?
6147393
In base 9, what is 16 + -52776488?
-52776472
In base 14, what is -1a999 - 165b?
-1c216
In base 7, what is 5140312 - 26?
5140253
In base 6, what is -5 - 31532134031?
-31532134040
In base 12, what is -4 - -16110b64?
16110b60
In base 2, what is 11000111000000101110 + 11?
11000111000000110001
In base 11, what is -2555 + a9a5?
8450
In base 14, what is -3 + a2905?
a2902
In base 13, what is 104 + 5a33?
5b37
In base 15, what is 5890 + -ad60?
-54c0
In base 6, what is -53135 - 3310422?
-3404001
In base 8, what is -56104662 - -4?
-56104656
In base 9, what is -11335350 - 10?
-11335360
In base 3, what is 12202020100 - -20121?
12202110221
In base 2, what is 111010011011011001 + 1?
111010011011011010
In base 7, what is -146505 + 115436?
-31036
In base 14, what is -3 + -386c7?
-386ca
In base 15, what is -2 - -950b74e?
950b74c
In base 16, what is 118485e4 + -3?
118485e1
In base 11, what is 0 - 912554a?
-912554a
In base 7, what is -11 - -214452415?
214452404
In base 14, what is 18d44 - -589?
194cd
In base 4, what is 1 - -3132012121?
3132012122
In base 8, what is -4 + -45145116?
-45145122
In base 6, what is -15225131 + 503?
-15224224
In base 6, what is -2210511550 - -5?
-2210511541
In base 16, what is -4cb4502 - 3?
-4cb4505
In base 7, what is 203001 + 100566?
303600
In base 14, what is 6252 - -1dd?
6451
In base 7, what is -10 + -305335440?
-305335450
In base 3, what is 212 + 2202220221?
2202221210
In base 14, what is 51350c - -1d2?
513700
In base 2, what is -1000110101111010011111 - -101?
-1000110101111010011010
In base 4, what is 321322 - -33312?
1021300
In base 5, what is 21012102141 - -2?
21012102143
In base 7, what is -131203 + 13152?
-115021
In base 15, what is 44ee + -3576?
e78
In base 6, what is -2 - -5003441315?
5003441313
In base 9, what is -424183 + -4?
-424187
In base 4, what is -313300012211021 + 11?
-313300012211010
In base 2, what is 100 + 1000011000110100001100?
1000011000110100010000
In base 12, what is 1450509 + -8b?
145043a
In base 10, what is 73 - -166020?
166093
In base 4, what is 1112033131120 - -2?
1112033131122
In base 8, what is -3 + 1342025046?
1342025043
In base 7, what is 462154 + -51?
462103
In base 6, what is 1102034115 + 3?
1102034122
In base 15, what is 26 + -23247e?
-232458
In base 9, what is 4 + -52237513?
-52237508
In base 4, what is -2302 + 301023?
232121
In base 2, what is -1001100111 - 1001111111100?
-1011001100011
In base 13, what is -b4 + -bb73?
-bc57
In base 2, what is -111010010111011000 + 111111?
-111010010110011001
In base 15, what is -105e15 - -1a?
-105dea
In base 6, what is 0 - -32324055?
32324055
In base 4, what is -232303103 - -2223?
-232300220
In base 6, what is -124035 + 3521?
-120114
In base 16, what is -66a5 - 3f?
-66e4
In base 12, what is -6 - 4990763?
-4990769
In base 2, what is -1011000111111 - -11001101111?
-111111010000
In base 3, what is -101 + -200222100221022?
-200222100221200
In base 12, what is 26 + -6a2213?
-6a21a9
In base 13, what is -a9 + 138603a?
1385c61
In base 4, what is -1030102 + -1222132?
-2312300
In base 3, what is -10 - 121101211201101?
-121101211201111
In base 15, what is -1ae - -186cc?
1851d
In base 9, what is -343 - -64024?
63571
In base 8, what is 1 - 100430075?
-100430074
In base 14, what is -21bcc93 + 2?
-21bcc91
In base 4, what is 12 + 103213222213?
103213222231
In base 11, what is 1114022a2 + 5?
1114022a7
In base 8, what is -3 - -4761165?
4761162
In base 12, what is -49 + -161a535?
-161a582
In base 2, what is 10 + 10101111000100001101101111?
10101111000100001101110001
In base 10, what is -1001413 + 8?
-1001405
In base 11, what is 0 - 563a0582?
-563a0582
In base 9, what is 12 + -23605745?
-23605733
In base 8, what is 666 - -466421?
467307
In base 8, what is -242005 + 13?
-241772
In base 15, what is 3 + 1394680?
1394683
In base 9, what is -3146180 - 20?
-3146210
In base 8, what is 407 + 1135270?
1135677
In base 4, what is -13130 + 230002201?
223323011
In base 6, what is -14 + -4215555?
-4220013
In base 12, what is -3a7860 + -4?
-3a7864
In base 8, what is -10573150 - -3?
-10573145
In base 6, what is 10423501 - -2201?
10430102
In base 4, what is -1223210203023 - -22?
-1223210203001
In base 16, what is -10f + -84a4?
-85b3
In base 11, what is 8 + -10580433?
-10580426
In base 6, what is -1332334 + -240?
-1333014
In base 16, what is 1e - -267f9?
26817
In base 2, what is 100111000011001101001 + 10?
100111000011001101011
In base 10, what is 59 + -1834913?
-1834854
In base 10, what is 52844618 + -1?
52844617
In base 13, what is ca2319c - 2?
ca2319a
In base 14, what is 0 - -3115261d?
3115261d
In base 9, what is -130133835 - -5?
-130133830
In base 10, what is 2956 + 111?
3067
In base 5, what is -30302414 - -1?
-30302413
In base 8, what is 2214 + 141735?
144151
In base 10, what is 0 + 56686481?
56686481
In base 3, what is -1000111120220 - -2112?
-1000111111101
In base 3, what is -1201 + 1000112200?
1000110222
In base 8, what is 403124507 + -1?
403124506
In base 12, what is 3863b6 - -b?
386405
In base 7, what is 11544 + 5356?
20233
In base 3, what is -12 + 1112120220021110?
1112120220021021
In base 5, what is -2010340 - -13432?
-1441403
In base 12, what is 1064319 - -10?
1064329
In base 3, what is -1 + -102102220122120200?
-102102220122120201
In base 13, what is 6a16 + -3a?
69a9
In base 7, what is -304455 + 1534?
-302621
In base 16, what is -e0 + -6902?
-69e2
In base 6, what is 2 - 2230503132?
-2230503130
In base 7, what is -120 - -136316?
136166
In base 14, what is 3a - -4527a?
452b6
In base 13, what is 1 + 15c900c?
15c9010
In base 5, what is 0 + 22024443114?
22024443114
In base 4, what is -103202 - 20123302?
-20233110
In base 10, what is 2930003 - -4?
2930007
In base 3, what is 11 - 11102020211101220?
-11102020211101202
In base 5, what is -21024242 - -2331?
-21021411
In base 2, what is -10100111010010001001011100001 - -1?
-10100111010010001001011100000
In base 16, what is -6bee2c6 - 3?
-6bee2c9
In base 12, what is -682b - -36a7?
-3144
In base 15, what is -1a25 + 4b2a?
3105
In base 6, what is -253500342 - -3?
-253500335
In base 8, what is -1170 - -55341?
54151
In base 9, what is 15250 + 515?
15765
In base 3, what is 100200000222201222 + -102?
100200000222201120
In base 14, what is -1084b8 - -12?
-1084a6
In base 13, what is 120 + -1cc87?
-1cb67
In base 7, what is -2053363 + -26?
-2053422
In base 14, what is 0 + 80b145?
80b145
In base 8, what is 2627203 - 15?
2627166
In base 8, what is -1156110 + -360?
-1156470
In base 9, what is 4 - 31744062?
-31744057
In base 2, what is 1010001101010011000111 + 0?
1010001101010011000111
In base 4, what is 10 - 3300213222333?
-3300213222323
In base 10, what is 36181350 + 5?
36181355
In base 7, what is 140062 - 21311?
115451
In base 12, what is 51 - -567012?
567063
In base 14, what is -63 + -7c371?
-7c3d4
In base 14, what is 111cc37 + 2?
111cc39
In base 14, what is -9495bd0 + 1?
-9495bcd
In base 10, what is -5059512 - 212?
-5059724
In base 11, what is -4 - a787332?
-a787336
In base 15, what is 27967 - 53?
27914
In base 10, what is -1206320 - 284?
-1206604
In base 16, what is 7c + 513c2?
5